 11052.
2, 3, 307
What are the prime factors of 2786?
2, 7, 199
List the prime factors of 76759.
59, 1301
List the prime factors of 8775.
3, 5, 13
List the prime factors of 1572.
2, 3, 131
List the prime factors of 51313.
23, 97
What are the prime factors of 1814?
2, 907
List the prime factors of 2454.
2, 3, 409
List the prime factors of 1159.
19, 61
List the prime factors of 1666.
2, 7, 17
What are the prime factors of 320?
2, 5
List the prime factors of 123138.
2, 3, 6841
List the prime factors of 3773.
7, 11
What are the prime factors of 525?
3, 5, 7
What are the prime factors of 4996?
2, 1249
List the prime factors of 20284.
2, 11, 461
List the prime factors of 59460.
2, 3, 5, 991
List the prime factors of 1011.
3, 337
List the prime factors of 1313.
13, 101
What are the prime factors of 1492?
2, 373
What are the prime factors of 1355?
5, 271
List the prime factors of 3648.
2, 3, 19
List the prime factors of 6948.
2, 3, 193
What are the prime factors of 193?
193
What are the prime factors of 4382?
2, 7, 313
List the prime factors of 92.
2, 23
What are the prime factors of 11806?
2, 5903
What are the prime factors of 47008?
2, 13, 113
List the prime factors of 954.
2, 3, 53
List the prime factors of 54864.
2, 3, 127
List the prime factors of 5289.
3, 41, 43
What are the prime factors of 630?
2, 3, 5, 7
List the prime factors of 1765.
5, 353
List the prime factors of 16274.
2, 79, 103
List the prime factors of 500.
2, 5
List the prime factors of 444.
2, 3, 37
List the prime factors of 12197.
12197
List the prime factors of 2352.
2, 3, 7
What are the prime factors of 103?
103
What are the prime factors of 6826?
2, 3413
What are the prime factors of 400?
2, 5
What are the prime factors of 854?
2, 7, 61
List the prime factors of 4331.
61, 71
List the prime factors of 30174.
2, 3, 47, 107
What are the prime factors of 1743?
3, 7, 83
List the prime factors of 5294.
2, 2647
List the prime factors of 12445.
5, 19, 131
List the prime factors of 19.
19
What are the prime factors of 717?
3, 239
List the prime factors of 9070.
2, 5, 907
What are the prime factors of 52009?
52009
List the prime factors of 91450.
2, 5, 31, 59
What are the prime factors of 355?
5, 71
What are the prime factors of 8436?
2, 3, 19, 37
What are the prime factors of 1675?
5, 67
What are the prime factors of 127716?
2, 3, 29, 367
List the prime factors of 6240.
2, 3, 5, 13
List the prime factors of 38785.
5, 7757
List the prime factors of 49359.
3, 16453
What are the prime factors of 5648?
2, 353
List the prime factors of 26331.
3, 67, 131
What are the prime factors of 14219?
59, 241
What are the prime factors of 26353?
19, 73
List the prime factors of 2703.
3, 17, 53
List the prime factors of 676.
2, 13
List the prime factors of 20134.
2, 10067
List the prime factors of 857.
857
What are the prime factors of 554?
2, 277
List the prime factors of 13.
13
What are the prime factors of 497?
7, 71
List the prime factors of 2090.
2, 5, 11, 19
What are the prime factors of 130779?
3, 11, 1321
List the prime factors of 1024.
2
What are the prime factors of 414?
2, 3, 23
List the prime factors of 8433.
3, 937
What are the prime factors of 64218?
2, 3, 7, 11, 139
List the prime factors of 1899.
3, 211
What are the prime factors of 4588?
2, 31, 37
What are the prime factors of 5145?
3, 5, 7
What are the prime factors of 635?
5, 127
What are the prime factors of 2320?
2, 5, 29
What are the prime factors of 70?
2, 5, 7
What are the prime factors of 45?
3, 5
What are the prime factors of 2427?
3, 809
List the prime factors of 15498.
2, 3, 7, 41
List the prime factors of 3927.
3, 7, 11, 17
What are the prime factors of 23990?
2, 5, 2399
List the prime factors of 13356.
2, 3, 7, 53
What are the prime factors of 7132?
2, 1783
List the prime factors of 71577.
3, 11, 241
List the prime factors of 56154.
2, 3, 7, 191
List the prime factors of 79425.
3, 5, 353
List the prime factors of 7570.
2, 5, 757
List the prime factors of 58694.
2, 29347
What are the prime factors of 20223?
3, 7, 107
List the prime factors of 954.
2, 3, 53
What are the prime factors of 28504?
2, 7, 509
What are the prime factors of 3512?
2, 439
List the prime factors of 9863.
7, 1409
What are the prime factors of 8036?
2, 7, 41
What are the prime factors of 51175?
5, 23, 89
List the prime factors of 2389.
2389
List the prime factors of 1492.
2, 373
List the prime factors of 23268.
2, 3, 7, 277
What are the prime factors of 1245?
3, 5, 83
List the prime factors of 178689.
3, 7, 67, 127
What are the prime factors of 10338?
2, 3, 1723
List the prime factors of 3807.
3, 47
List the prime factors of 4262.
2, 2131
What are the prime factors of 7874?
2, 31, 127
List the prime factors of 52114.
2, 71, 367
List the prime factors of 15.
3, 5
List the prime factors of 64.
2
List the prime factors of 16622.
2, 8311
List the prime factors of 46.
2, 23
List the prime factors of 99543.
3, 33181
What are the prime factors of 3200?
2, 5
List the prime factors of 2138.
2, 1069
List the prime factors of 3997.
7, 571
What are the prime factors of 75645?
3, 5, 41
List the prime factors of 3245.
5, 11, 59
List the prime factors of 69666.
2, 3, 17, 683
List the prime factors of 4511.
13, 347
List the prime factors of 417.
3, 139
What are the prime factors of 61406?
2, 30703
What are the prime factors of 545?
5, 109
What are the prime factors of 2676?
2, 3, 223
List the prime factors of 587.
587
List the prime factors of 42536.
2, 13, 409
List the prime factors of 1454.
2, 727
What are the prime factors of 18706?
2, 47, 199
List the prime factors of 11443.
11443
List the prime factors of 3134.
2, 1567
What are the prime factors of 5681?
13, 19, 23
List the prime factors of 2127.
3, 709
List the prime factors of 6407.
43, 149
What are the prime factors of 4578?
2, 3, 7, 109
What are the prime factors of 2596?
2, 11, 59
List the prime factors of 34357.
17, 43, 47
List the prime factors of 9128.
2, 7, 163
What are the prime factors of 1294?
2, 647
What are the prime factors of 188932?
2, 149, 317
What are the prime factors of 10353?
3, 7, 17, 29
List the prime factors of 2318.
2, 19, 61
What are the prime factors of 3124?
2, 11, 71
List the prime factors of 1053.
3, 13
What are the prime factors of 1894?
2, 947
What are the prime factors of 19347?
3, 6449
What are the prime factors of 1474?
2, 11, 67
What are the prime factors of 1898?
2, 13, 73
What are the prime factors of 623?
7, 89
List the prime factors of 184.
2, 23
List the prime factors of 20726.
2, 43, 241
What are the prime factors of 50363?
50363
List the prime factors of 12396.
2, 3, 1033
What are the prime factors of 16428?
2, 3, 37
What are the prime factors of 9584?
2, 599
What are the prime factors of 25776?
2, 3, 179
List the prime factors of 5899.
17, 347
What are the prime factors of 1412?
2, 353
List the prime factors of 149663.
19, 7877
What are the prime factors of 1818?
2, 3, 101
List the prime factors of 83751.
3, 27917
List the prime factors of 194959.
19, 31, 331
What are the prime factors of 7230?
2, 3, 5, 241
What are the prime factors of 52223?
52223
List the prime factors of 5576.
2, 17, 41
List the prime factors of 1367.
1367
List the prime factors of 6018.
2, 3, 17, 59
List the prime factors of 55216.
2, 7, 17, 29
List the prime factors of 1051.
1051
List the prime factors of 20122.
2, 10061
List the prime factors of 1443.
3, 13, 37
What are the prime factors of 43746?
2, 3, 23, 317
What are the prime factors of 20372?
2, 11, 463
What are the prime factors of 1960?
2, 5, 7
List the prime factors of 972.
2, 3
What are the prime factors of 67141?
67141
What are the prime factors of 4924?
2, 1231
What are the prime factors of 12906?
2, 3, 239
List the prime factors of 317.
317
What are the prime factors of 5649?
3, 7, 269
List the prime factors of 36318.
2, 3, 6053
List the prime factors of 3937.
31, 127
What are the prime factors of 33283?
83, 401
What are the prime factors of 54457?
13, 59, 71
List the prime factors of 42990.
2, 3, 5, 1433
List the prime factors of 105873.
3, 35291
What are the prime factors of 2?
2
List the prime factors of 11969.
11969
List the prime factors of 1264.
2, 79
List the prime factors of 10990.
2, 5, 7, 157
What are the prime factors of 